it of z(39)?
7
Suppose -2 = 3*b - 4*b. Suppose b*k + 21 = 5*w + 3*k, -3*k + 8 = 4*w. Suppose w*m - 4*x = 118, 0*x - 36 = -2*m - 4*x. What is the tens digit of m?
2
Suppose 3*c - 25 = -4*f, 5*f - c + 6*c - 35 = 0. Let t(r) = -r**3 + 3*r**2 + r + 4. Let z be t(f). What is the units digit of 3 + (-46)/(z/4)?
6
Let h be (1 + -1)/(-3 + 5). Suppose h = -2*i + t - 4*t + 48, -2*i + 68 = -2*t. What is the units digit of i?
0
Suppose 0 = -c + 12 - 4. Let n be 0 + (-1 - 0/(-3)). Let u = c - n. What is the units digit of u?
9
Let y(k) = -5*k - 28. Let o be y(-6). Let d = -53 + 133. Suppose -5*i = -m - d, -64 = -4*i - m - o*m. What is the units digit of i?
6
Suppose -8*s - 500 + 4548 = 0. What is the tens digit of s?
0
Let c(f) = 2*f**2 - 2*f - 28. Let q be (-6 + 15)*(0 + 0 - 1). What is the units digit of c(q)?
2
Let i = 0 - 12. Let k = -13 - i. What is the tens digit of k/5 - 655/(-25)?
2
Suppose 27 = -3*b - 15. Let x be b/(-35) - 202/5. What is the units digit of (-2)/(-5) - 2784/x?
0
Let r be (0 - 9) + 6/(-3). Let g = -5 + 6. What is the units digit of 12/(-16)*(r - g)?
9
What is the thousands digit of 6 + (2 + -3534)/(-6 - -4)?
1
Let m(r) = r**2 + 17*r - 4. Let x be m(-17). What is the units digit of (-2)/(-8) + -451*1/x?
3
Let l(n) = 2*n + 8. Let u be l(-10). Let a = u + 12. Suppose 0 = -a*t - 4*t + 116. What is the tens digit of t?
2
Let r(x) = 2*x**2 + 5*x - 31. What is the units digit of r(21)?
6
Let n(d) = -5*d + 10. Let k be n(4). Let f(c) = -c**2 - 11*c - 10. Let a be f(k). Suppose 0 = -a*w + 6*w - 78. What is the units digit of w?
3
Let v(s) = -11 - 6 + 9*s**2 - s**2 + 8 + 12*s. Let y(k) = 3*k**2 + 4*k - 3. Let f(m) = -2*v(m) + 7*y(m). What is the tens digit of f(-4)?
6
Let v be (-47)/(-9) - (-2)/(-9). Let k be (-18)/45 - (-137)/v. Let h = 41 - k. What is the tens digit of h?
1
Suppose -4*t = -4*k + 1592, -5*k + 2026 = -t + 5*t. What is the units digit of k?
2
Let u(x) = -x**2 + x + 3. Let b be u(0). Suppose -3*t + 284 = 5*r, -2*r + 78 = -b*t - 44. What is the units digit of r?
8
Let k = -257 - -659. What is the units digit of k?
2
Suppose y + 97 = -17. Let c be y/(-6 + 0 + 4). Let u = c - 13. What is the tens digit of u?
4
Suppose -3 = 4*s + 17, -j - 4*s = -271. What is the units digit of j?
1
Suppose 0 = -298*v + 308*v - 190. What is the tens digit of v?
1
Let m(p) = p**2 - p + 1. Let t(z) = -7*z**2 + 7*z - 2. Let a(r) = -6*m(r) - t(r). Suppose -2*l + 4 = 12. What is the tens digit of a(l)?
1
What is the tens digit of 214 + -5 - (-5 - -8)?
0
Let t(l) = l**3 - 7*l**2 + l + 9. Let j be t(7). Let g = j + -15. What is the units digit of (g + 1)*(-10)/(-20)?
1
Let w = 27 - 28. What is the tens digit of (w + 7/(-5))*(-220)/8?
6
Suppose -a + 4*a + 4*h - 680 = 0, -5*a - 2*h + 1124 = 0. Suppose -2*m = -3*n - 0*n + 179, -4*n = m - a. Let u = n - 24. What is the units digit of u?
3
Let y = 10 + -24. Let k be ((-6)/5)/(4/(-10)). Let r = k - y. What is the tens digit of r?
1
What is the thousands digit of ((-44)/4)/(6 + (-3275)/545)?
1
Suppose q = -3*q + 8. Let u(b) = 4*b + 8. Let c be u(10). Suppose -5*a + 134 = 3*l, -l - q + c = 3*a. What is the units digit of l?
3
What is the units digit of 34/187 - ((-53214)/22 + 0)?
9
Let x(r) = r**2 - 12*r + 13. Let v be x(10). Let n = 1 - -6. What is the tens digit of ((-12)/v)/(n/196)?
4
Suppose 2*b - 5*b + 9 = 0, -4*b = 4*u - 24. Suppose u*h = 0, -h - 4*h - 24 = -3*x. Let z(m) = 6*m - 2. What is the tens digit of z(x)?
4
Suppose 1 + 15 = 4*w. Suppose -w*m - 3 + 11 = 0. What is the tens digit of (-1812)/(-44) - m/11?
4
Let f = -20 - -26. What is the units digit of (f/4)/((-3)/(-16))?
8
What is the tens digit of (-3)/(2/2) + (-19 - -866)?
4
Suppose 4*i - 8*i = 32. Let z(f) = 0*f**2 + 5*f + f - 7 + 3*f**2 - 2*f**2. What is the units digit of z(i)?
9
Let a = 36 - 19. Let y = 14 - a. What is the units digit of ((-3)/5)/(y/45)?
9
Suppose -2*h + 2*w = 0, -5*h + 14 = 3*w - 10. Suppose h*z - 281 - 34 = 0. What is the units digit of z?
5
Let h(p) = 7*p**3 - 24*p**2 - 9*p - 15. Let q(n) = 4*n**3 - 12*n**2 - 5*n - 7. Let l(g) = -3*h(g) + 5*q(g). What is the tens digit of l(12)?
3
Let x(a) = -3*a - 10. Let s be (-27)/9 - (0 - -1). Let k be x(s). What is the units digit of (2 + -3)/(k/(-74))?
7
Let j(x) = -x**3 - 13*x**2 + 6*x - 13. What is the tens digit of j(-14)?
9
What is the units digit of (191/(-2))/((-9)/18)?
1
What is the hundreds digit of -12 + 7 - (-3614 - 12/6)?
6
Let g(w) = w**3 - 11*w**2 + 14*w - 4. Let q = 10 + 0. Let k be g(q). Suppose 0*f - f = -k. What is the tens digit of f?
3
Let k(z) = z**3 + 14*z**2 + 14*z + 9. Let i be k(-13). Let u(c) = -3*c**3 + c**2 + 6*c + 5. What is the hundreds digit of u(i)?
1
Suppose 0 = -2*i - i. Suppose -5*y + 4*v = -v - 20, i = 5*v. Suppose -y = -2*o + 60. What is the tens digit of o?
3
Suppose -3*z = -7 + 31. Let x = -3 - z. Suppose -x*a + 4*i = -281, i + 3*i - 37 = -a. What is the tens digit of a?
5
Let h = 8105 - 4085. What is the tens digit of h?
2
Let x be (-4)/22 - 369/(-33). Suppose -3*d - 8 = 10. What is the tens digit of x + 3 + (d - -3)?
1
Let k(d) = -1616*d**3 - 1. What is the thousands digit of k(-1)?
1
Let f be (5 - (-2 + 6)) + -148. Let n = f - -268. What is the hundreds digit of n?
1
Suppose 0 = -5*x + x - 304. Let s be 2/4*(2 - x). Suppose -u = 5*q - s, 3*u + 2 = -3*q + 5*q. What is the units digit of q?
7
Let y = -1 + 0. Let f(d) = -d**2 + 4*d - 3. Let i be f(4). What is the tens digit of y*(-3 + -36) - i?
4
Let q be (-70)/(-1) + (-8 - -7). Suppose 5*x + q = j, j + 2*j - 4*x - 174 = 0. What is the units digit of j?
4
Let r be (-1)/((-27)/3018) - (-4)/18. Let x = -56 + r. What is the units digit of x?
6
Let p(w) = -w**3 + 15*w**2 - w - 31. Let g be p(11). Suppose 5*c + 20 = 0, 4*q - g = q - 5*c. What is the units digit of q?
4
Let i(k) = 6 - 2*k + 0*k + 7*k + k**2. Let f = -19 - -13. What is the units digit of i(f)?
2
Let q(j) = -2*j**2 - 2*j. Let u be q(-2). Let v(a) = 2*a + 4. Let d be v(u). What is the tens digit of 67 - (-4 - 4/d)?
7
Suppose 0 = 5*d + 5*j - 5, -7 = -d - 0*d + 5*j. Suppose -d*k + 125 = 15. What is the tens digit of k?
5
Suppose -2*l = -l - 5*w - 17, w + 5 = l. Suppose -f = -a - 1, 3*f + l = a - 7. Let g = 29 + a. What is the tens digit of g?
2
Let l(k) = 6*k**2 - 11*k - 6. Let d(c) = 17*c**2 - 32*c - 19. Let y(w) = 4*d(w) - 11*l(w). What is the tens digit of y(9)?
8
Let i(m) = 7*m**2 + 47*m + 4. What is the units digit of i(-13)?
6
What is the tens digit of 4/(-5) - (4076/(-20) - -3)?
0
Let v(f) = f**2 - 7*f + 12. Let j be v(7). Suppose -46 = -j*l + 13*l. Let o = 69 + l. What is the units digit of o?
3
Let i be ((-612)/(-14))/(27/126). Suppose d = -3*d + i. What is the units digit of d?
1
Let r(t) = 3*t**2 - 13*t - 52. What is the hundreds digit of r(-7)?
1
Let l = 1748 - 682. What is the units digit of l?
6
What is the hundreds digit of (-2)/(8324/(-1664) - -5)?
8
Let a(f) = -7*f + 9*f - 9*f**2 + 54*f**2. What is the tens digit of a(-1)?
4
Suppose 0 = g + 2*y - 96, y - 303 = 49*g - 52*g. What is the hundreds digit of g?
1
Suppose -30*j - 8 = -32*j. Suppose 11*i - 290 + j = 0. What is the tens digit of i?
2
Suppose 2*s + 28 = 2*m, 0 = m - s - 3*s - 26. Let z be ((-42)/35)/(3/m). What is the units digit of (-300)/(-8)*z/(-6)?
5
Let f(u) = 8*u + 1. Let q be f(1). Let o be (-30)/q - 1/(-3). What is the units digit of (-237)/(-12) + o/4?
9
Suppose 0 = -4*k - 4*h + h + 27, 0 = 2*k - 5*h + 19. Suppose 3 + 3 = k*v. Suppose -5*m + 195 = -5*j, 6*m - v*m - 132 = -2*j. What is the tens digit of m?
3
Let m(g) = -9*g**2 + 13*g + 2. Let p(c) = -10*c**2 + 12*c + 1. Let t(x) = 6*m(x) - 7*p(x). What is the tens digit of t(3)?
3
Suppose -3*j + 2*j - 6 = -4*d, 0 = j - 3*d + 6. Let r(h) be the first derivative of h**3/3 + 3*h**2/2 + 2*h + 2. What is the units digit of r(j)?
0
Let z be (-315)/(-6)*24/(-15). Let n be 4 - (-2 - z/(-4)). Let s = 56 - n. What is the tens digit of s?
2
Suppose -33*n = -50 - 643. Let x = -14 - 0. Let z = n + x. What is the units digit of z?
7
Suppose -848 = -4*f + 2*q, -5*f - 5*q + 303 = -787. Suppose -3*v + v = -f. What is the tens digit of v?
0
Let l = -368 + 675. What is the units digit of l?
7
Suppose 3*j + 3*m + 688 = 4831, 5*j + 2*m - 6914 = 0. What is the hundreds digit of j?
3
Let j = -1204 - -2052. What is the hundreds d